ulate the greatest common factor of 14 and 24958402.
14
What is the highest common factor of 281463 and 46228?
91
What is the greatest common divisor of 66 and 69579851?
11
What is the highest common divisor of 12802 and 7548?
74
Calculate the greatest common divisor of 600481 and 182.
7
What is the highest common factor of 12376 and 2914072?
952
What is the highest common divisor of 3014 and 2577850?
22
What is the greatest common divisor of 43771 and 7478107?
3367
Calculate the greatest common factor of 60544946 and 82.
82
Calculate the highest common factor of 720502000 and 3875.
3875
What is the greatest common divisor of 57560 and 3065?
5
Calculate the greatest common factor of 33048396 and 36.
36
What is the highest common divisor of 1705 and 184934530?
1705
What is the highest common factor of 44625 and 25585?
595
Calculate the greatest common factor of 43440 and 90360.
120
Calculate the greatest common factor of 60 and 1355958948.
12
Calculate the highest common divisor of 112 and 1538057192.
56
Calculate the highest common factor of 187201 and 1078255.
569
Calculate the greatest common divisor of 1561690 and 205738.
1066
What is the highest common divisor of 24388 and 2821504?
1876
What is the greatest common divisor of 45 and 27516015?
45
What is the highest common factor of 14779476 and 9?
9
Calculate the greatest common factor of 165 and 118910220.
165
Calculate the greatest common factor of 282907692 and 468.
36
Calculate the greatest common divisor of 391 and 2405511373.
391
What is the highest common divisor of 51 and 1377263143?
17
What is the highest common factor of 1657470517 and 3907?
3907
What is the highest common factor of 133231037 and 1214?
607
What is the greatest common factor of 213813 and 1485?
27
What is the highest common divisor of 40 and 81878360?
40
Calculate the greatest common divisor of 791967571 and 186.
31
What is the greatest common factor of 1835920 and 2139080?
2120
What is the highest common divisor of 3413 and 37942321?
3413
What is the highest common factor of 25 and 114415?
5
What is the highest common factor of 17701801 and 39?
13
What is the highest common factor of 4064790 and 354282?
822
Calculate the highest common divisor of 172 and 907995568.
172
What is the greatest common divisor of 4004847 and 62370?
693
What is the highest common divisor of 59570 and 6919010?
70
Calculate the greatest common factor of 46835866 and 154.
154
Calculate the highest common factor of 371466210 and 60.
30
What is the highest common divisor of 3850344 and 6996?
636
What is the greatest common divisor of 990 and 2376990?
990
Calculate the greatest common factor of 29008 and 859264.
784
Calculate the greatest common divisor of 504 and 219775416.
168
What is the highest common divisor of 55087867 and 1874989?
11503
Calculate the highest common divisor of 783 and 1397481.
87
Calculate the greatest common divisor of 6637995 and 626535.
4095
What is the greatest common divisor of 239185823 and 5074?
2537
What is the highest common factor of 607 and 407478493?
607
What is the highest common divisor of 23941875 and 645?
15
What is the greatest common factor of 16678 and 19592?
62
What is the greatest common divisor of 54119184 and 1043?
1043
What is the highest common divisor of 14083859 and 16919?
2417
Calculate the highest common divisor of 302 and 2460394.
302
Calculate the greatest common divisor of 515300 and 175.
25
Calculate the greatest common divisor of 146587986 and 29130.
5826
What is the highest common factor of 19649144 and 153?
17
Calculate the greatest common divisor of 12032120 and 1291.
1291
What is the greatest common factor of 101171 and 957474?
1043
Calculate the greatest common factor of 88484800 and 17400.
5800
What is the greatest common factor of 2349 and 80069?
29
Calculate the highest common factor of 1095939 and 500859.
4959
Calculate the highest common divisor of 8843535 and 1395.
45
Calculate the greatest common factor of 21260625 and 3450.
1725
What is the greatest common factor of 16 and 1807012?
4
Calculate the greatest common divisor of 1193465 and 5915.
455
What is the highest common factor of 858 and 105768?
78
What is the greatest common divisor of 6691300 and 1050?
350
What is the greatest common factor of 11396912 and 14396?
236
What is the greatest common divisor of 40 and 81714040?
40
What is the greatest common divisor of 7495 and 9395?
5
Calculate the greatest common factor of 155 and 4012113.
31
Calculate the highest common factor of 1104654 and 13950.
186
Calculate the greatest common factor of 24 and 1738209996.
12
What is the greatest common divisor of 2624 and 167515504?
656
Calculate the greatest common factor of 5915 and 16636360.
845
What is the highest common factor of 1138782 and 66?
6
What is the highest common divisor of 4232 and 533550458?
1058
Calculate the highest common divisor of 3346 and 4071843.
239
Calculate the greatest common factor of 2282 and 303086.
14
What is the highest common divisor of 20841930 and 232839?
5679
What is the highest common divisor of 48553347 and 93?
93
Calculate the greatest common divisor of 8 and 13183898.
2
What is the greatest common divisor of 15 and 514779?
3
Calculate the highest common divisor of 4025879 and 7579.
143
Calculate the highest common divisor of 17218548 and 4.
4
What is the greatest common factor of 15 and 1417977?
3
Calculate the highest common factor of 4630392 and 123966.
1746
Calculate the highest common divisor of 11985681 and 5556.
1389
Calculate the greatest common factor of 584 and 982083016.
584
Calculate the greatest common divisor of 637732 and 55676.
124
What is the greatest common factor of 12788930 and 50?
10
Calculate the greatest common divisor of 1084 and 19830154.
542
Calculate the greatest common factor of 502 and 2342248417.
251
Calculate the highest common factor of 109354 and 3367.
7
What is the highest common factor of 14 and 7776898?
2
What is the greatest common factor of 683109 and 2541?
21
What is the greatest common factor of 94 and 155818066?
94
What is the highest common divisor of 167082 and 108198?
6
What is the greatest common divisor of 4160 and 1497868320?
2080
What is the highest common factor of 30702 and 398352?
258
Calculate the greatest common divisor of 925204 and 6244.
28
What is the highest common divisor of 205 and 27054998?
41
What is the greatest common divisor of 1245 and 210390?
15
Calculate the greatest common divisor of 1977114 and 12.
6
Calculate the highest common divisor of 528992 and 355823.
271
Calculate the greatest common factor of 238518 and 78426.
18
Calculate the highest common divisor of 14380 and 234728335.
3595
What is the highest common factor of 219319 and 2130?
71
Calculate the greatest common factor of 51340 and 32465.
755
Calculate the greatest common divisor of 61441166 and 2696.
674
What is the greatest common divisor of 278 and 200869873?
139
What is the greatest common divisor of 256 and 18271264?
32
Calculate the highest common factor of 23463375 and 195.
195
What is the highest common divisor of 69 and 17611399?
23
What is the highest common factor of 40 and 9444530?
10
What is the greatest common divisor of 174 and 718782?
6
What is the greatest common divisor of 520142 and 61586?
742
Calculate the highest common divisor of 52897 and 70425.
313
Calculate the greatest common factor of 55 and 1788369.
11
What is the highest common factor of 10100 and 2342575?
25
What is the highest common factor of 2060 and 327520?
20
Calculate the greatest common divisor of 18819952 and 432.
16
What is the greatest common factor of 8298040 and 935?
85
Calculate the highest common factor of 307545 and 199955.
1015
What is the greatest common divisor of 2075 and 316475?
25
What is the greatest common factor of 36561 and 5367?
3
What is the highest common factor of 155341305 and 1260?
315
What is the greatest common factor of 69641 and 87945?
143
Calculate the greatest common divisor of 47 and 58123678.
47
What is the highest common factor of 50837183 and 11548?
2887
Calculate the greatest common divisor of 203 and 388241.
7
What is the greatest common divisor of 405854 and 136166?
1322
Calculate the greatest common factor of 9796 and 7462196.
124
Calculat